 - -20).
2, 3, 11
Let l(z) = z**3 - 12*z**2 - 7*z + 8. What are the prime factors of l(16)?
2, 5, 23
Suppose 5*o + 58 = 4*c, -4*c = -c - 4*o - 43. Suppose 315 = c*z - 12*z. List the prime factors of z.
3, 7
What are the prime factors of (41 - 1)/(-5 - (-16 - -9))?
2, 5
Suppose 2*m - 5869 = -58*g + 55*g, -3*g + m = -5872. What are the prime factors of g?
19, 103
Let l(p) = 89*p - 303. What are the prime factors of l(27)?
2, 3, 5, 7
Let w = -413 - -1111. What are the prime factors of w?
2, 349
Let k(n) = 8*n**2 - 8*n - 27. What are the prime factors of k(9)?
3, 61
Let m(g) = -8*g**2 + 5*g + 4. Let d be m(-3). Suppose -12 = -11*u + 65. List the prime factors of d/(-3) - u/(-21).
2, 7
Let l(n) = -55*n - 54. What are the prime factors of l(-4)?
2, 83
Let t = 130 - 100. Suppose -4*b - 18 = -5*d, 5*d + 3*b + 2*b = 0. What are the prime factors of 87*d*5/t?
29
Suppose 2*h = 0, 1 - 13 = 2*t - 2*h. Let j = -14 - t. What are the prime factors of (-10)/((0 + j)/4)?
5
Let w(d) = 2405*d**2 + 18*d + 1. What are the prime factors of w(-1)?
2, 3, 199
Suppose 239 = -15*i + 14669. What are the prime factors of i?
2, 13, 37
Let f be (-12)/8*(-16)/3. Suppose 4 + f = -3*j. List the prime factors of j/(-3)*(-21)/(-2).
2, 7
Suppose 5*k + 5*j = 20040, 4*k - 1751 = -3*j + 14285. What are the prime factors of k?
2, 17, 59
Let j(y) be the first derivative of -y**2/2 + 8*y + 4. List the prime factors of j(-9).
17
Suppose i - 4*i = -48. Let z = -4 + i. List the prime factors of z/4 + 6 + -2.
7
Let m(j) = 4*j**3 - j**2 + j - 1. Let w be m(1). Suppose w*q - 241 = -37. List the prime factors of q.
2, 17
Let n(b) = b**2 - 3*b - 19. Let m be n(0). List the prime factors of m/(-1) - (-4 + 8).
3, 5
What are the prime factors of 5*(4 + -5) + 15480/12?
5, 257
Suppose 32 = -h + 34. Suppose -72 = -h*i - 2*w, -i + 6*w - 2*w = -61. List the prime factors of i.
41
Let a(m) = -m**3 - 4*m**2 - 12*m - 6. Let n be a(-8). Suppose -n - 474 = -20*v. What are the prime factors of v?
41
Suppose 24 = 4*y - 48. What are the prime factors of (56/6)/(y/81)?
2, 3, 7
Let o(b) = 2*b**2 - 72*b + 5. Let y be o(36). Suppose -3 = 3*a - 12. Suppose -4*u - y*j = -u - 73, -a*j - 99 = -5*u. List the prime factors of u.
3, 7
Let l(q) = 16*q**3 + 3*q + 2. Let k be l(-2). Let u = k + 243. List the prime factors of u.
3, 37
Let r(b) = -b**3 + 30*b**2 + 13*b - 13. What are the prime factors of r(16)?
3779
Suppose 0 = -6*c - 9*c + 26730. What are the prime factors of c?
2, 3, 11
Suppose 0*o + 2*o = 8. Suppose 0 = l + 4*l - 4*z - 19, -o*l + 24 = -z. Let h(f) = f**3 - 8*f**2 + 8*f + 4. List the prime factors of h(l).
11
Suppose 0 = -2*s - 0*s + 4, 5*d + 2*s = 24. Suppose -7*a - 32 = -5*g - d*a, 2*g - 4*a = 24. What are the prime factors of g/(-18) - 1059/(-27)?
3, 13
Let i = -5551 - -8228. List the prime factors of i.
2677
Let p be 13/(-1) - (-65544)/24. Suppose 2*q + r = -25, 5*r - r = 4*q + 20. What are the prime factors of 4/q + p/45?
2, 3, 5
Let m be (6/(-10))/(2/(-190)). Suppose -m = -3*b + 21. List the prime factors of b.
2, 13
Let o(j) = 106*j**2 - 4*j - 4. List the prime factors of o(-1).
2, 53
Let m(x) be the second derivative of x**4/4 - 11*x**3/6 + 7*x**2 + 25*x. What are the prime factors of m(7)?
2, 3, 7
Let r be (5 + -3)/(1/6). Suppose r*x + 70 = 13*x. What are the prime factors of x?
2, 5, 7
Suppose 0 = 28*q - 12501 - 71. What are the prime factors of q?
449
Suppose -39*u + 38*u + 483 = 0. List the prime factors of u.
3, 7, 23
Suppose 3*b = -2*l + 6*l - 7, -l = 4*b - 16. Suppose -m - r + b = -4, 4*m = 4*r - 4. Suppose -2*d - 48 = -m*d. List the prime factors of d.
2, 3
Suppose 4*x = 8, -2*h + 4*x = 2*x. Suppose -h*q + 7 = -5. Suppose -q*l + 2*l - 216 = -4*o, -4*l - 269 = -5*o. List the prime factors of o.
53
Suppose 2*d = 4*s - 0*s + 48, -5*d + 185 = 3*s. Let m = d - 10. List the prime factors of m.
2, 3
Let s(p) = 2*p**2 - 5*p + 21. Let y be s(7). Suppose -y + 4 = -5*r. Suppose -10 = -2*h + 3*f - 2, -2*h + f + r = 0. What are the prime factors of h?
2, 5
List the prime factors of 9/(-7) + 1 + (-2753054)/(-1358).
2027
Let d = 619 - -6. List the prime factors of d.
5
Let k be 38/(-4) - 6/(-12). Let b be (11 + k)/(4/(-2)). List the prime factors of (-3)/6*-6 + b.
2
Let p be 10/(-2 + 4) + -2. Let n(g) = 4*g**2 - 2*g + 5. List the prime factors of n(p).
5, 7
Let n(a) = 8*a + a**3 + 58 - 57 - 12*a**2 - 2*a. What are the prime factors of n(12)?
73
What are the prime factors of (-24)/(-16) + 19780/8 - -7?
3, 827
Suppose -3*s = -2*x - 1689, 5*s - 13*x + 8*x = 2820. What are the prime factors of s?
3, 11, 17
Suppose 0*w = -3*w. Suppose v + 6*v - 406 = w. What are the prime factors of v?
2, 29
Let u(k) = -k**3 - 3*k**2 + 4*k. Let y be u(-4). Suppose -r + 1 = -y. Suppose -7 = -4*m + r. What are the prime factors of m?
2
Let p be 2/5 + 4215/25. Suppose -3*c - p = -4*q, 175 = 3*q + q - 5*c. What are the prime factors of q?
2, 5
Let a be 4/(-6)*(-45)/6. Suppose a*v + 12 + 58 = -5*s, -42 = 3*s - 3*v. Let i = s - -22. What are the prime factors of i?
2
Suppose 10 = y + 3. Suppose y*n + 135 = 12*n. List the prime factors of n.
3
Let n = 38 + -67. Let u(o) = -o**2 - 34*o - 34. List the prime factors of u(n).
3, 37
Let o(z) = 8*z**2 + 7*z + 4. Let q(p) = p**2 + p. Let w(x) = 2*o(x) - 14*q(x). What are the prime factors of w(-7)?
2, 53
Let h = -16 + 30. Suppose 0 = i - h - 40. Let t = i + 22. List the prime factors of t.
2, 19
Suppose 4*q - 13 = 3*f, 9 = 3*q - 0*q - 3*f. Let b be (-2 + 6/q)*-10. List the prime factors of (6/b)/((-1)/(-15)).
2, 3
What are the prime factors of ((-86)/16*-10)/(2/40)?
5, 43
Let k be -42*(2 - (1 + 2)). Let q = 86 - k. What are the prime factors of q?
2, 11
Suppose 0 = -5*i + 88 + 10807. What are the prime factors of i?
2179
Let i = -36 - -88. Let t(r) = 7*r + 2. Let b be t(4). Let p = i - b. What are the prime factors of p?
2, 11
Let q = -689 - -1005. Suppose v + 3*v = q. What are the prime factors of v?
79
Let d be 10*(-2 + 26/10). Suppose 16 = d*u - 2*u. Suppose 5*x - p - 149 = -u*p, p = 2*x - 53. What are the prime factors of x?
2, 7
Suppose 4*u - 608 = -4*o - 200, -2*o = -4*u + 408. Suppose 5*h + 2*n = -2*n + 270, -4*h + 225 = 5*n. Let b = u - h. What are the prime factors of b?
2, 13
Suppose -5*c = 4*d - 23, 5*c - 22 + 5 = -d. Suppose -5*t + 2*u = 7*u - 10, 5*t - 10 = -d*u. List the prime factors of t.
2
Let r = 187 + -125. Let m = -13 + r. List the prime factors of m.
7
Let f be (-1)/2 - (-18)/4. Suppose 0 = -22*k + 13*k + 99. Suppose f*a = -k + 203. List the prime factors of a.
2, 3
Let o(k) = k**3 - 9*k**2 + 8*k + 2. Let h be (-9 + -1)*40/(-50). Let b be o(h). Suppose -2*z + 62 = 2*u, u + 2*z = -b*u + 98. What are the prime factors of u?
2, 3
Suppose 2*r - 18 = -2*g, -4*g - 39 = -9*g - 3*r. Suppose g = w + 3*u, -5*w + 5*u + 49 = u. List the prime factors of w.
3
Let d = 25 - 21. Suppose -d + 52 = 2*m. List the prime factors of 1/4 - (-426)/m.
2, 3
Suppose -6*w - 24 = -0*w. List the prime factors of w/(-16) + 271/4 + 2.
2, 5, 7
Suppose -2*x = 3*k - 4, -3*x - 4*k - 23 = -6*x. Suppose x*p = -2*y + 150, 2*y - 5*p - 145 = 45. What are the prime factors of y?
5, 17
Let j(w) = 79*w - 62. List the prime factors of j(9).
11, 59
Suppose d - 3*d - 3*q = -6, -15 = -5*d - q. Suppose 2*r + d*j - 3 - 1 = 0, r - 2 = 5*j. Suppose -2*x + 22 = r*c + x, -c = -3*x + 7. List the prime factors of c.
5
Let j be 4/(-34) + (-818)/(-17). List the prime factors of j + 4/16*4.
7
Suppose 51 = -2*l + 59. Suppose -11*p + 399 = -l*p. What are the prime factors of p?
3, 19
Let c be ((-2 - -1) + -17)*(11 + -5). Let s = 158 + c. List the prime factors of s.
2, 5
Suppose 3*b - o - 136 = 0, 4*b - 188 = o - 3*o. Suppose n = 3*i + b, -4*i = -2*n + n + 42. What are the prime factors of n?
2, 29
Let n be 376/10 - (-4)/10. Suppose -9*q - 50 = -374. Suppose -q = -2*f + n. What are the prime factors of f?
37
Let u(s) = s**3 - 9*s**2 + 9*s + 4. Let m be u(7). Let v = m - -139. What are the prime factors of v?
2, 3
Let k = 14 - 15. Let x be 38/6 - k/(-3). Let l = -3 + x. What are the prime factors of l?
3
Let o = -4 - -13. Suppose 3*j + 358 = 2*u, -u + o*j - 7*j = -181. List the prime factors of u.
173
What are the prime factors of (251/(-2))/(7 + (-155)/22)?
11, 251
Let x be (-4)/((-10)/6 - -1). Suppose 204 = x*g - 996. List t